
5
What is the ten thousands digit of 45844457?
4
What is the hundreds digit of 607332443?
4
What is the tens digit of 360414198?
9
What is the hundred thousands digit of 366033438?
0
What is the tens digit of 275065199?
9
What is the ten thousands digit of 9855146?
5
What is the hundred thousands digit of 155948207?
9
What is the tens digit of 678722?
2
What is the ten millions digit of 49950430?
4
What is the tens digit of 744176461?
6
What is the hundreds digit of 4065810344?
3
What is the thousands digit of 207999963?
9
What is the hundred millions digit of 116276129?
1
What is the ten millions digit of 71538302?
7
What is the hundreds digit of 60118144?
1
What is the hundreds digit of 41311175?
1
What is the hundred thousands digit of 59822475?
8
What is the hundred millions digit of 377206255?
3
What is the hundred millions digit of 1952316343?
9
What is the ten thousands digit of 10719187?
1
What is the thousands digit of 1637863797?
3
What is the units digit of 31233442?
2
What is the thousands digit of 14263752?
3
What is the hundred millions digit of 144994709?
1
What is the hundred millions digit of 554979081?
5
What is the hundred thousands digit of 250088059?
0
What is the hundreds digit of 30906313?
3
What is the hundreds digit of 62112495?
4
What is the units digit of 136786386?
6
What is the hundred thousands digit of 2443272639?
2
What is the millions digit of 53170878?
3
What is the millions digit of 216840160?
6
What is the tens digit of 403155119?
1
What is the ten thousands digit of 168102507?
0
What is the millions digit of 1904490664?
4
What is the hundreds digit of 4725439?
4
What is the units digit of 183778727?
7
What is the thousands digit of 1228033635?
3
What is the hundreds digit of 304734047?
0
What is the units digit of 74893647?
7
What is the tens digit of 2256321111?
1
What is the ten thousands digit of 94632466?
3
What is the tens digit of 98153229?
2
What is the billions digit of 3104237552?
3
What is the thousands digit of 487856675?
6
What is the millions digit of 53441852?
3
What is the ten millions digit of 24858299?
2
What is the hundred thousands digit of 3540833047?
8
What is the thousands digit of 29266223?
6
What is the millions digit of 13528125?
3
What is the hundred millions digit of 848740542?
8
What is the millions digit of 393496228?
3
What is the tens digit of 123127933?
3
What is the tens digit of 214422237?
3
What is the ten millions digit of 2651527303?
5
What is the hundred thousands digit of 4745326542?
3
What is the hundreds digit of 515803554?
5
What is the tens digit of 32910960?
6
What is the hundreds digit of 161912925?
9
What is the units digit of 193974376?
6
What is the thousands digit of 380122099?
2
What is the ten millions digit of 142092488?
4
What is the ten thousands digit of 4673315739?
1
What is the tens digit of 59916790?
9
What is the hundred millions digit of 892297524?
8
What is the hundred thousands digit of 361571890?
5
What is the hundred millions digit of 1025540722?
0
What is the thousands digit of 38634186?
4
What is the hundred thousands digit of 1823012431?
0
What is the ten thousands digit of 9872410?
7
What is the hundred thousands digit of 1254120875?
1
What is the ten thousands digit of 402319964?
1
What is the tens digit of 1016503445?
4
What is the units digit of 1817828532?
2
What is the tens digit of 33948475?
7
What is the tens digit of 171817191?
9
What is the millions digit of 93725134?
3
What is the hundred thousands digit of 5742513767?
5
What is the ten millions digit of 326396137?
2
What is the hundreds digit of 248661?
6
What is the units digit of 2322183444?
4
What is the millions digit of 463759814?
3
What is the millions digit of 258362624?
8
What is the units digit of 19808193?
3
What is the units digit of 26478340?
0
What is the units digit of 699958233?
3
What is the thousands digit of 1938059543?
9
What is the units digit of 110115514?
4
What is the ten millions digit of 104681137?
0
What is the hundreds digit of 31424699?
6
What is the ten millions digit of 81587954?
8
What is the thousands digit of 28731537?
1
What is the thousands digit of 5410439197?
9
What is the ten millions digit of 87964122?
8
What is the ten millions digit of 107651726?
0
What is the thousands digit of 718539294?
9
What is the hundreds digit of 40899813?
8
What is the hundreds digit of 53718721?
7
What is the ten thousands digit of 73322524?
2
What is the millions digit of 2029418319?
9
What is the hundred thousands digit of 148988863?
9
What is the millions digit of 53587550?
3
What is the thousands digit of 168594569?
4
What is the units digit of 34947428?
8
What is the ten thousands digit of 1141802213?
0
What is the units digit of 102859141?
1
What is the ten millions digit of 17352439?
1
What is the hundred millions digit of 712320274?
7
What is the units digit of 2351240066?
6
What is the hundreds digit of 87501535?
5
What is the thousands digit of 2102784984?
4
What is the tens digit of 4114806279?
7
What is the thousands digit of 123081260?
1
What is the ten thousands digit of 558249549?
4
What is the units digit of 197249410?
0
What is the hundreds digit of 3361050949?
9
What is the ten millions digit of 109866756?
0
What is the hundred thousands digit of 22291747?
2
What is the hundred millions digit of 257868488?
2
What is the hundred thousands digit of 18396996?
3
What is the tens digit of 30386563?
6
What is the hundreds digit of 307330579?
5
What is the thousands digit of 74537035?
7
What is the hundred thousands digit of 293666821?
6
What is the thousands digit of 54354335?
4
What is the hundred thousands digit of 786533825?
5
What is the units digit of 341023720?
0
What is the hundreds digit of 52800433?
4
What is the millions digit of 1046362434?
6
What is the thousands digit of 5518165022?
5
What is the hundred millions digit of 135663711?
1
What is the hundred millions digit of 207022868?
2
What is the tens digit of 185732591?
9
What is the hundred thousands digit of 2251256861?
2
What is the ten millions digit of 31905165?
3
What is the hundreds digit of 35274094?
0
What is the millions digit of 26535361?
6
What is the millions digit of 608466251?
8
What is the hundred millions digit of 1235452567?
2
What is the hundred thousands digit of 61565549?
5
What is the ten thousands digit of 17277989?
7
What is the hundreds digit of 219338960?
9
What is the ten thousands digit of 34935887?
3
What is the billions digit of 2645899306?
2
What is the ten thousands digit of 1018096410?
9
What is the ten thousands digit of 85402839?
0
What is the millions digit of 249345046?
9
What is the tens digit of 133282456?
5
What is the ten millions digit of 653793403?
5
What is the ten thousands digit of 1043166373?
6
What is the thousands digit of 16919984?
9
What is the millions digit of 3376181878?
6
What is the thousands digit of 56442510?
2
What is the tens digit of 106283297?
9
What is the millions digit of 798939812?
8
What is the hundreds digit of 89268421?
4
What is the hundreds digit of 84054952?
9
What is the millions digit of 6127574539?
7
What is the ten millions digit of 353972767?
5
What is the millions digit of 3267272861?
7
What is the millions digit of 99662165?
9
What is the thousands digit of 132209533?
9
What is the units digit of 3123956036?
6
What is the hundred millions digit of 509964694?
5
What is the millions digit of 5827053701?
7
What is the hundreds digit of 570259918?
9
What is the units digit of 39093056?
6
What is the hundreds digit of 5171304942?
9
What is the ten millions digit of 758194687?
5
What is the hundred millions digit of 133112986?
1
What is the units digit of 33801978?
8
What is the millions digit of 524807882?
4
What is the hundred millions digit of 901793920?
9
What is the hundreds digit of 7059406?
4
What is the ten thousands digit of 3578305?
7
What is the thousands digit of 4113721686?
1
What is the tens digit of 842340002?
0
What is the hundreds digit of 58599079?
0
What is the thousands digit of 25637221?
7
What is the tens digit of 7401135?
3
What is the ten millions digit of 535482122?
3
What is the ten thousands digit of 2456552373?
5
What is the hundred thousands digit of 43874930?
8
What is the million